 units digit of i?
8
Suppose 37 = -4*j - b, -1 = 3*j - 5*b - 2. Let i(d) = -d + 5. Let g be i(6). Let y = g - j. What is the units digit of y?
7
Let u be (24/(-30))/((-2)/(-5)). What is the units digit of u/3 - (-94)/6?
5
Let p(a) = -7*a**2 - 4*a**3 + 10 + 7*a + 5*a**3 - 6*a. What is the units digit of p(7)?
7
Let g(m) = m**3 - 3*m**2 + 2*m - 3. What is the units digit of g(4)?
1
Let v = -45 - -109. What is the units digit of v?
4
Let g = -7 + 10. Suppose -g*o - 49 = -4*o. What is the units digit of o?
9
Suppose -3*d + 2*l = -210, l + 62 = d - 9. Suppose 0*z + 2*k = -4*z + d, -96 = -4*z + 5*k. What is the units digit of z?
9
Suppose -4*n = 5*n - 1404. What is the units digit of n?
6
Let l = -23 + 45. What is the tens digit of l?
2
Suppose -82 = 2*c - 206. What is the tens digit of c?
6
Suppose 7*n - 143 - 32 = 0. What is the tens digit of n?
2
Suppose x + 1 = 7. Let b be (x/8)/(2/8). Suppose -6*g + 4 = -j - g, j + b*g = 12. What is the units digit of j?
6
Let m(w) = -18*w - 4. What is the units digit of m(-4)?
8
Let y(c) = -14*c + 1. Let x = 11 + -12. What is the units digit of y(x)?
5
Let f(s) = -10*s - 23. What is the hundreds digit of f(-18)?
1
Suppose -40 - 72 = -4*r. What is the units digit of r?
8
Let b = -11 + 8. Let r be 18/3*b/(-6). What is the units digit of 0*(-1)/r + 4?
4
Let s(o) = 5*o - 2. Let n be ((-4)/(-7))/(5/35). What is the tens digit of s(n)?
1
Let r = -2 + 12. Suppose 2*t + 4*n = 21 + 9, -4*t + r = -2*n. What is the units digit of t/6 + (-2)/(-12)?
1
Let y = -39 + 59. Let v = y + 4. What is the units digit of v?
4
Let f(j) = -j**2 - 6*j + 1. Let d be f(-3). Suppose d = z + 4*z. Let o = z + 10. What is the tens digit of o?
1
Let f = -55 + 59. What is the units digit of f?
4
Let c(s) = s**3 + 3*s**2 + s. Let y be c(-2). Suppose 3*x + y*x = 10. What is the units digit of x?
2
Suppose 5*i = -3 + 13. Let n = 7 + i. What is the units digit of n?
9
Suppose 18 = t - 4*z, 2*t + 3*z + 0 = -8. Suppose t*c = 6*c - 16. Suppose 4*k - o = 8 + 16, -c*k + 2*o + 28 = 0. What is the units digit of k?
5
Let r(g) = -g + 5. Let a be (-1 + 9/15)*-5. Let y be ((-3)/(-2))/(a/(-8)). What is the tens digit of r(y)?
1
Let t(b) = b**2 - b. Let k be t(-1). Let l(r) = r**2 - 8*r - 5. Let m be l(9). Suppose 0*w + m*w + 5*p = 14, 5*w - k*p = 1. What is the units digit of w?
1
Let o = 9 - 0. Suppose -z = -4*z - o. Let l = z - -10. What is the units digit of l?
7
Let g(x) = -3*x - x**2 + 2*x + 51 + 5*x**3 - 6*x**3. What is the units digit of g(0)?
1
What is the units digit of (1*(-120)/(-2))/1?
0
Let p = -101 + 64. Suppose -80 = 3*g - 2. Let j = g - p. What is the tens digit of j?
1
Suppose 0 = 3*o + 5*a - 8, -o + 3*o + 2*a - 8 = 0. Suppose -o*u + 2*u + 80 = 0. What is the units digit of u?
0
Suppose 7*y + 4 = 9*y. Suppose 0 = -2*p + 1 + 7. Suppose -i - 3*a + 2 = 0, 10 = y*i - a + p*a. What is the units digit of i?
8
Let f(u) = -15*u**2 + 1. Let k be f(1). Let i = -5 - k. What is the units digit of i?
9
Suppose -2*d - 8 = 42. Let n = 36 + d. What is the units digit of n?
1
Let z(u) = -3*u - 1 - 1 - 3 - 3*u. What is the units digit of z(-4)?
9
Suppose -3*h + 2*h + 14 = 0. Suppose -16 = -j + 2*d + h, 3*d = 5*j - 122. What is the tens digit of j?
2
Let d = -28 - -25. Suppose 2*f + 8 = -f - p, 3*f = -2*p - 4. What is the units digit of (0 - 1)*f - d?
7
Let u = 155 - 89. What is the tens digit of u?
6
Let v(l) = 4*l - 2. Let t be v(-2). Let k = -14 - t. Let j(g) = -g**2 - 5*g - 3. What is the units digit of j(k)?
1
Let f = -1 - 7. Let j(w) = -3*w + 6. What is the units digit of j(f)?
0
Let u be -6*(-2)/(-4)*-1. Suppose -8*c + u*c = -45. What is the units digit of c?
9
Suppose 0 = 4*t + t + s + 31, 0 = -5*s - 5. Let g = t - -4. What is the units digit of (-52)/(-44) + g/11?
1
Let q = 97 + -52. What is the tens digit of q?
4
Let d(s) = -s**3 + 9*s**2 - 8*s - 4. What is the tens digit of d(7)?
3
Let q(o) = o - 1. Let c(k) = -k**2 + 6*k - 4. Let m be c(4). Suppose 2*n - 6 = m. What is the units digit of q(n)?
4
Suppose -u = 3 - 9. Let g = -1 + u. Suppose 2 = g*q - 3*q. What is the units digit of q?
1
Let f(i) = -i**3 + 10*i**2 + i + 2. Let y(z) = z**3 - 9*z**2 - 1. Let g(t) = 5*f(t) + 6*y(t). Let x be g(4). What is the units digit of (x/15)/(2/10)?
8
Suppose 6 = -5*p + 201. What is the units digit of p?
9
Let b be (-9)/(-6)*-2 - -3. Suppose w - 4 = -b*w. Suppose 0 = -j - 2*m + 10, -w*j - 4*m - 22 = -5*j. What is the tens digit of j?
1
Let b(o) = o**3 + 8*o**2 - 9*o - 2. Let s be b(-9). Let j be (35/2)/5*s. What is the tens digit of 42/4 - j/(-14)?
1
Let n be 20*(-1)/(1/(-1)). What is the units digit of 27/18*n/6?
5
Suppose -39 = -2*z + m, -m + 143 = 5*z + 28. Let l = 0 - -3. What is the units digit of l/(-1 + z/16)?
8
Let g be (-34)/(-10) - 39/(-65). What is the units digit of 0 - ((-12)/g - 3)?
6
Let c = -18 + 37. What is the units digit of c?
9
Suppose 36 - 12 = 4*k. What is the units digit of 42/8 - k/24?
5
Let x = -13 + 19. Suppose x*r - 2*r = 32. What is the units digit of r?
8
Let r(f) = -f**3 - 10*f**2 - 9*f + 13. Suppose 0 = 5*d - 5, -3*w - 3*d + 10 = 31. Let m be 74/w - 3/(-12). What is the units digit of r(m)?
3
Let w(i) = -5*i - 1. Let y(x) = -6*x - 1. Let g(o) = 7*w(o) - 6*y(o). Let u be g(5). What is the units digit of (-13)/(-2) + 2/u?
7
Let q(o) = 8*o - 29. What is the units digit of q(13)?
5
Suppose -5*t = -135 - 60. What is the tens digit of t?
3
Suppose -5*j = 4*a, -7*a + 4*j = -2*a. Suppose a*i = 6*i - 126. What is the tens digit of i?
2
Suppose 4*i = 3*v - 640, -3*i - 412 = -2*v - 4*i. What is the tens digit of v?
0
Suppose 14*b = 15*b - 2. Suppose -t + b = -0*t. What is the units digit of t?
2
Let w be (-2)/9 - 47/(-9). Suppose -5 = w*s - 0*s. Let t = 5 + s. What is the units digit of t?
4
Suppose -4*w + 4*t - 16 = 0, w = -5*t + 29 - 9. Suppose w = 2*p - 3*y - 28, 5*p - 10 = -5*y + 10. Let f = p + 2. What is the tens digit of f?
1
Suppose -50 - 1 = 3*g. Let s = 31 + g. What is the tens digit of s?
1
Let v be -2*2*(3 - 0). Let w = 17 + v. What is the units digit of w?
5
What is the tens digit of (-504)/(-20) + ((-22)/10 - -2)?
2
What is the tens digit of (139 - -2) + (-2)/2?
4
What is the units digit of (-6)/2*((-3)/(-1) + -5)?
6
Let p(r) = -r**2 - 11*r + 2. Suppose -3*h - 10 - 11 = 0. What is the units digit of p(h)?
0
Let g(y) = -y**2 + 17*y - 2. Suppose -2*v - 19 + 45 = 2*l, 3*v - 2*l = 44. What is the units digit of g(v)?
0
Suppose s + 2*s - 8 = -4*v, -4*v = -2*s - 8. What is the tens digit of -2 + s/(-1) - -27?
2
Suppose 0 = y - 3*k + 2*k - 6, 10 = -y - 3*k. Suppose -8 = -2*r + 2*h + 2, 5*h = y*r - 19. What is the units digit of r?
2
Suppose -4 = 5*s - 19. Suppose 0 = v - 3*a - 20 + 1, s*v - 24 = -2*a. What is the units digit of v?
0
Suppose -5*m + 5*a = -35 - 5, 3*m - 5*a - 32 = 0. Suppose -5*s = -2*q - 112 + 3, -3*s = -m*q - 57. What is the units digit of s?
3
Let w(c) = -c**3 + 7*c**2 - 3*c + 4. What is the tens digit of w(6)?
2
Suppose 0 = -2*b - t + 82, -3*b = -4*t + 6*t - 125. What is the tens digit of b?
3
Let i = -345 - -582. What is the units digit of i?
7
Suppose 3*d - 194 = 2*v, 5*d - 5*v - 326 = -v. Let p = d + -16. What is the tens digit of p?
4
Suppose -2*k = 4*k - 186. What is the units digit of k?
1
Let w(g) = g**3 + 4*g**2 - 4*g + 1. What is the units digit of w(3)?
2
Let m = 39 - 8. Suppose 0 = 5*b - 34 - m. What is the units digit of b?
3
Let q = 1 - -8. Let s = -4 + q. Suppose -103 = -s*f + 3*d, -5*f + 125 = 3*d - 2. What is the tens digit of f?
2
Let f(q) = q + 8. Suppose 4*m = m - 18. Let l be f(m). Suppose -3*i + l*n = -6*i + 9, 2*n + 11 = i. What is the units digit of i?
5
Suppose 3*j - 5 = 1. Let k be (-48)/(-9) - j/6. Suppose -2*w + 0*o = -k*o - 14, 2*w - 2*o = 14. What is the units digit of w?
7
Suppose 150 = -21*m + 26*m. Suppose r - 56 = -2*w + m, 2 = -r. What is the units digit of w?
4
Let g = 83 - 34. What is the tens digit of g?
4
Let w = 52 + 285. What is the units digit of w?
7
Let d be 1/((2/(-2))/(-1)). Let a = 17 + d. What is the units digit of a?
8
Let g be (-3)/(-4) - 316/16. Let t = 9 - 36. Let p = g - t. What is the units digit of p?
8
Let o = -3 + 2. Let k(m) = m**3 - 8*m**2 + 9*m - 8. Let z be k(7). Let x = z + o. What is the units digit of x?
5
Suppose -4*o - u + 5 = 0, -2*u = -4*o + 9 + 5. S